{"id":4542,"date":"2024-11-26T22:21:27","date_gmt":"2024-11-26T22:21:27","guid":{"rendered":"https:\/\/societyofthemostholyredeemer.org\/?page_id=4542"},"modified":"2025-02-22T03:06:34","modified_gmt":"2025-02-22T03:06:34","slug":"novena-of-prayers-in-honor-of-most-holy-mary","status":"publish","type":"page","link":"https:\/\/societyofthemostholyredeemer.org\/es\/devotions\/novena-of-prayers-in-honor-of-most-holy-mary\/","title":{"rendered":"NOVENA EN HONOR DE LA INMACULADA CONCEPCI\u00d3N (DEL LIBRO DE ORACIONES DE SAN ALFONS\u00cdN)"},"content":{"rendered":"<div data-elementor-type=\"wp-page\" data-elementor-id=\"4542\" class=\"elementor elementor-4542\" data-elementor-post-type=\"page\">\n\t\t\t\t<div class=\"elementor-element elementor-element-78946b8 e-flex e-con-boxed e-con e-parent\" data-id=\"78946b8\" data-element_type=\"container\" data-e-type=\"container\">\n\t\t\t\t\t<div class=\"e-con-inner\">\n\t\t\t\t<div class=\"elementor-element elementor-element-93494e0 elementor-widget elementor-widget-text-editor\" data-id=\"93494e0\" data-element_type=\"widget\" data-e-type=\"widget\" data-widget_type=\"text-editor.default\">\n\t\t\t\t<div class=\"elementor-widget-container\">\n\t\t\t\t\t\t\t\t\t<p><em>Esta novena se reza en preparaci\u00f3n para la Solemnidad de la Inmaculada Concepci\u00f3n el 8 de diciembre - Comenzando el 29 de noviembre. Est\u00e1 tomada de \"St. Alphonsus' Prayer-Book\", por el Rev. P. St. Omer, C.Ss.R, Benziger Brothers, NY, 1888.<\/em><\/p>\t\t\t\t\t\t\t\t<\/div>\n\t\t\t\t<\/div>\n\t\t\t\t\t<\/div>\n\t\t\t\t<\/div>\n\t\t<div class=\"elementor-element elementor-element-6a3e365 e-flex e-con-boxed e-con e-parent\" data-id=\"6a3e365\" data-element_type=\"container\" data-e-type=\"container\">\n\t\t\t\t\t<div class=\"e-con-inner\">\n\t\t\t\t<div class=\"elementor-element elementor-element-3ec7054 elementor-widget elementor-widget-text-editor\" data-id=\"3ec7054\" data-element_type=\"widget\" data-e-type=\"widget\" data-widget_type=\"text-editor.default\">\n\t\t\t\t<div class=\"elementor-widget-container\">\n\t\t\t\t\t\t\t\t\t<p><strong>ORACI\u00d3N DURANTE LOS NUEVE D\u00cdAS DE LA NOVENA:<\/strong><br \/>\u00a0 \u00a0 \u00a0\u00a1Ah, mi Se\u00f1ora Inmaculada! Me regocijo contigo al verte enriquecida con tan gran pureza. Doy gracias a nuestro com\u00fan Creador por haberte preservado de toda mancha de pecado, y se lo agradecer\u00e9 siempre. Quisiera que el mundo entero te conociera y te reconociera como aquella hermosa \"Aurora\" siempre iluminada por la luz divina; como aquella \"Arca\" elegida de la salvaci\u00f3n, libre del naufragio com\u00fan del pecado; aquella \"Paloma\" perfecta e inmaculada que tu divino Esposo declar\u00f3 que eras; ese \"Jard\u00edn cerrado\" que fue el deleite de Dios; esa \"Fuente sellada\" cuyas aguas nunca fueron turbadas por un enemigo; y, finalmente, como ese \"Lirio blanco\" que naci\u00f3 en medio de las espinas de los hijos de Ad\u00e1n. Sus hijos son concebidos en pecado, y son enemigos de Dios; pero s\u00f3lo t\u00fa fuiste concebida pura e inmaculada, y en todo conforme a tu Creador. Perm\u00edteme, pues, que te alabe tambi\u00e9n como te alab\u00f3 tu mismo Dios: \"Toda t\u00fa eres hermosa, y no hay en ti mancha\". Oh pur\u00edsima Paloma, toda hermosa, toda bella, siempre amiga de Dios. \"\u00a1Oh, qu\u00e9 hermosa eres, amada m\u00eda! \u00a1Qu\u00e9 hermosa eres!\" Ah, dulc\u00edsima, amabil\u00edsima, inmaculada Mar\u00eda, t\u00fa que eres tan bella a los ojos de tu Se\u00f1or, - ah, no desde\u00f1es poner tus ojos compasivos en las llagas de mi alma, por repugnantes que sean. M\u00edrame, ten piedad de m\u00ed, c\u00farame. Oh hermosa Piedra de carga de los corazones, atrae hacia ti mi miserable coraz\u00f3n. Oh t\u00fa, que desde el primer momento de tu vida apareciste pura y hermosa ante Dios, ten piedad de m\u00ed, que no s\u00f3lo nac\u00ed en pecado, sino que desde el bautismo he vuelto a manchar mi alma con el pecado. \u00bfQu\u00e9 gracia te negar\u00e1 Dios, que te eligi\u00f3 por su Hija, su Madre y su Esposa, y por eso te preserv\u00f3 de toda mancha, y en su amor te prefiri\u00f3 a todas las dem\u00e1s criaturas? \"Virgen Inmaculada, t\u00fa me has salvado\". Haz que me acuerde siempre de ti; y t\u00fa, no me olvides nunca. El feliz d\u00eda en que vaya a contemplar tu belleza en el para\u00edso me parece que est\u00e1 a mil a\u00f1os de distancia; tanto anhelo alabarte y amarte m\u00e1s de lo que ahora puedo, Madre m\u00eda, Reina m\u00eda, amada, bell\u00edsima, dulc\u00edsima, pur\u00edsima, inmaculada Mar\u00eda. Am\u00e9n.<\/p><p><b>AVE MARIA<\/b> (IX)<\/p><p><strong>*Ant .<\/strong> Haec est virga in qua nec nodus originalis, nec cortex actualis culpae fuit.<\/p><p><strong>V.<\/strong> In conceptione tua, O Virgo, immaculata fuisti.<br \/><strong>R.<\/strong> Ora pro nobis Patrem, cuius Filium peperisti.<\/p><p><strong>OREMUS<\/strong><br \/>\u00a0 \u00a0 \u00a0DEUS, qui per immaculatam Virginis Conceptionem dignum Filio tuo habitaculum praeparasti, quaesumus, ut qui ex morte eiusdem Filii tui praevisa eam ab omni labe praeservasti, nos quoque mundos, eius intercessione, ad te pervenire concedas. Per eundem Christum Dominum nostrum. Am\u00e9n.<\/p>\t\t\t\t\t\t\t\t<\/div>\n\t\t\t\t<\/div>\n\t\t\t\t\t<\/div>\n\t\t\t\t<\/div>\n\t\t<div class=\"elementor-element elementor-element-bae0cd3 e-flex e-con-boxed e-con e-parent\" data-id=\"bae0cd3\" data-element_type=\"container\" data-e-type=\"container\">\n\t\t\t\t\t<div class=\"e-con-inner\">\n\t\t\t\t<div class=\"elementor-element elementor-element-9af57c0 elementor-widget__width-initial elementor-widget elementor-widget-text-editor\" data-id=\"9af57c0\" data-element_type=\"widget\" data-e-type=\"widget\" data-widget_type=\"text-editor.default\">\n\t\t\t\t<div class=\"elementor-widget-container\">\n\t\t\t\t\t\t\t\t\t<p><strong><i>SALVE MAR\u00cdA<\/i><\/strong> <i>(9 veces)<\/i><\/p>\n<p><em><strong>Hormiga.<\/strong> Esta es la vara en la que no hab\u00eda ni nudo de pecado original, ni corteza de culpa real.<\/em><\/p>\n<p><em><strong>V.<\/strong> En tu concepci\u00f3n, oh Virgen, fuiste inmaculada;<\/em><br><em><strong>R.<\/strong> Ruega por nosotros al Padre, cuyo Hijo has engendrado.<\/em><\/p>\n<p><em><strong>OREMOS<\/strong><\/em><br><em>&nbsp; &nbsp; &nbsp;Oh Dios, que por la Inmaculada Concepci\u00f3n de la Sant\u00edsima Virgen Mar\u00eda, preparaste una morada digna para tu Hijo, te suplicamos que, as\u00ed como por la muerte prevista de este, tu Hijo, la preservaste de toda mancha, as\u00ed tambi\u00e9n nos permitas a nosotros, purificados por su intercesi\u00f3n, llegar a Ti. Por el mismo Se\u00f1or Jesucristo, tu Hijo, que vives y reinas contigo en la unidad del Esp\u00edritu Santo, Dios, por los siglos de los siglos. Am\u00e9n.<\/em><\/p>\t\t\t\t\t\t\t\t<\/div>\n\t\t\t\t<\/div>\n\t\t\t\t\t<\/div>\n\t\t\t\t<\/div>\n\t\t<div class=\"elementor-element elementor-element-32b4252 e-flex e-con-boxed e-con e-parent\" data-id=\"32b4252\" data-element_type=\"container\" data-e-type=\"container\">\n\t\t\t\t\t<div class=\"e-con-inner\">\n\t\t\t\t<div class=\"elementor-element elementor-element-9b6725f elementor-widget elementor-widget-spacer\" data-id=\"9b6725f\" data-element_type=\"widget\" data-e-type=\"widget\" data-widget_type=\"spacer.default\">\n\t\t\t\t<div class=\"elementor-widget-container\">\n\t\t\t\t\t\t\t<div class=\"elementor-spacer\">\n\t\t\t<div class=\"elementor-spacer-inner\"><\/div>\n\t\t<\/div>\n\t\t\t\t\t\t<\/div>\n\t\t\t\t<\/div>\n\t\t\t\t\t<\/div>\n\t\t\t\t<\/div>\n\t\t<div class=\"elementor-element elementor-element-f489925 e-flex e-con-boxed e-con e-parent\" data-id=\"f489925\" data-element_type=\"container\" data-e-type=\"container\">\n\t\t\t\t\t<div class=\"e-con-inner\">\n\t\t\t\t<div class=\"elementor-element elementor-element-6dc3c2a elementor-widget elementor-widget-text-editor\" data-id=\"6dc3c2a\" data-element_type=\"widget\" data-e-type=\"widget\" data-widget_type=\"text-editor.default\">\n\t\t\t\t<div class=\"elementor-widget-container\">\n\t\t\t\t\t\t\t\t\t<h5>*El 31 de marzo de 1876, P\u00edo IX autoriz\u00f3 la siguiente ant\u00edfona, vers\u00edculo y oraci\u00f3n en honor de la Inmaculada Concepci\u00f3n de la Bienaventurada Virgen Mar\u00eda. La oraci\u00f3n que sigue es la colecta para la fiesta de la Inmaculada Concepci\u00f3n (8 de diciembre) - Raccolta #410. (S. C. Ind. 14 de diciembre de 1889; S. P., 15 de marzo de 1934).<\/h5>\t\t\t\t\t\t\t\t<\/div>\n\t\t\t\t<\/div>\n\t\t\t\t\t<\/div>\n\t\t\t\t<\/div>\n\t\t\t\t<\/div>","protected":false},"excerpt":{"rendered":"<p>This novena is prayed in preparation for the Solemnity of the Immaculate Conception on December 8 &#8211; Commencing November 29.\u00a0It is taken from \u201cSt. Alphonsus\u2019 Prayer-Book\u201d, by Rev. Fr. St. Omer, C.Ss.R, Benziger Brothers, NY, 1888 PRAYER FOR ALL NINE &hellip; <a class=\"continue_reading\" href=\"https:\/\/societyofthemostholyredeemer.org\/es\/devotions\/novena-of-prayers-in-honor-of-most-holy-mary\/\">Seguir leyendo <span class=\"meta-nav\"><i class=\"fa fa-caret-right\" aria-hidden=\"true\"><\/i><\/span><\/a><\/p>","protected":false},"author":2,"featured_media":2578,"parent":4338,"menu_order":40,"comment_status":"closed","ping_status":"closed","template":"","meta":{"_acf_changed":false,"footnotes":""},"class_list":["post-4542","page","type-page","status-publish","has-post-thumbnail","hentry"],"acf":[],"_links":{"self":[{"href":"https:\/\/societyofthemostholyredeemer.org\/es\/wp-json\/wp\/v2\/pages\/4542","targetHints":{"allow":["GET"]}}],"collection":[{"href":"https:\/\/societyofthemostholyredeemer.org\/es\/wp-json\/wp\/v2\/pages"}],"about":[{"href":"https:\/\/societyofthemostholyredeemer.org\/es\/wp-json\/wp\/v2\/types\/page"}],"author":[{"embeddable":true,"href":"https:\/\/societyofthemostholyredeemer.org\/es\/wp-json\/wp\/v2\/users\/2"}],"replies":[{"embeddable":true,"href":"https:\/\/societyofthemostholyredeemer.org\/es\/wp-json\/wp\/v2\/comments?post=4542"}],"version-history":[{"count":59,"href":"https:\/\/societyofthemostholyredeemer.org\/es\/wp-json\/wp\/v2\/pages\/4542\/revisions"}],"predecessor-version":[{"id":6697,"href":"https:\/\/societyofthemostholyredeemer.org\/es\/wp-json\/wp\/v2\/pages\/4542\/revisions\/6697"}],"up":[{"embeddable":true,"href":"https:\/\/societyofthemostholyredeemer.org\/es\/wp-json\/wp\/v2\/pages\/4338"}],"wp:featuredmedia":[{"embeddable":true,"href":"https:\/\/societyofthemostholyredeemer.org\/es\/wp-json\/wp\/v2\/media\/2578"}],"wp:attachment":[{"href":"https:\/\/societyofthemostholyredeemer.org\/es\/wp-json\/wp\/v2\/media?parent=4542"}],"curies":[{"name":"wp","href":"https:\/\/api.w.org\/{rel}","templated":true}]}}

NOVENA EN HONOR DE LA INMACULADA CONCEPCIÓN (DEL LIBRO DE ORACIONES DE SAN ALFONSÍN)

<div data-elementor-type="wp-page" data-elementor-id="4542" class="elementor elementor-4542" data-elementor-post-type="page">
				<div class="elementor-element elementor-element-78946b8 e-flex e-con-boxed e-con e-parent" data-id="78946b8" data-element_type="container" data-e-type="container">
					<div class="e-con-inner">
				<div class="elementor-element elementor-element-93494e0 elementor-widget elementor-widget-text-editor" data-id="93494e0" data-element_type="widget" data-e-type="widget" data-widget_type="text-editor.default">
				<div class="elementor-widget-container">
									<p><em>Esta novena se reza en preparación para la Solemnidad de la Inmaculada Concepción el 8 de diciembre - Comenzando el 29 de noviembre. Está tomada de "St. Alphonsus' Prayer-Book", por el Rev. P. St. Omer, C.Ss.R, Benziger Brothers, NY, 1888.</em></p>								</div>
				</div>
					</div>
				</div>
		<div class="elementor-element elementor-element-6a3e365 e-flex e-con-boxed e-con e-parent" data-id="6a3e365" data-element_type="container" data-e-type="container">
					<div class="e-con-inner">
				<div class="elementor-element elementor-element-3ec7054 elementor-widget elementor-widget-text-editor" data-id="3ec7054" data-element_type="widget" data-e-type="widget" data-widget_type="text-editor.default">
				<div class="elementor-widget-container">
									<p><strong>ORACIÓN DURANTE LOS NUEVE DÍAS DE LA NOVENA:</strong><br />     ¡Ah, mi Señora Inmaculada! Me regocijo contigo al verte enriquecida con tan gran pureza. Doy gracias a nuestro común Creador por haberte preservado de toda mancha de pecado, y se lo agradeceré siempre. Quisiera que el mundo entero te conociera y te reconociera como aquella hermosa "Aurora" siempre iluminada por la luz divina; como aquella "Arca" elegida de la salvación, libre del naufragio común del pecado; aquella "Paloma" perfecta e inmaculada que tu divino Esposo declaró que eras; ese "Jardín cerrado" que fue el deleite de Dios; esa "Fuente sellada" cuyas aguas nunca fueron turbadas por un enemigo; y, finalmente, como ese "Lirio blanco" que nació en medio de las espinas de los hijos de Adán. Sus hijos son concebidos en pecado, y son enemigos de Dios; pero sólo tú fuiste concebida pura e inmaculada, y en todo conforme a tu Creador. Permíteme, pues, que te alabe también como te alabó tu mismo Dios: "Toda tú eres hermosa, y no hay en ti mancha". Oh purísima Paloma, toda hermosa, toda bella, siempre amiga de Dios. "¡Oh, qué hermosa eres, amada mía! ¡Qué hermosa eres!" Ah, dulcísima, amabilísima, inmaculada María, tú que eres tan bella a los ojos de tu Señor, - ah, no desdeñes poner tus ojos compasivos en las llagas de mi alma, por repugnantes que sean. Mírame, ten piedad de mí, cúrame. Oh hermosa Piedra de carga de los corazones, atrae hacia ti mi miserable corazón. Oh tú, que desde el primer momento de tu vida apareciste pura y hermosa ante Dios, ten piedad de mí, que no sólo nací en pecado, sino que desde el bautismo he vuelto a manchar mi alma con el pecado. ¿Qué gracia te negará Dios, que te eligió por su Hija, su Madre y su Esposa, y por eso te preservó de toda mancha, y en su amor te prefirió a todas las demás criaturas? "Virgen Inmaculada, tú me has salvado". Haz que me acuerde siempre de ti; y tú, no me olvides nunca. El feliz día en que vaya a contemplar tu belleza en el paraíso me parece que está a mil años de distancia; tanto anhelo alabarte y amarte más de lo que ahora puedo, Madre mía, Reina mía, amada, bellísima, dulcísima, purísima, inmaculada María. Amén.</p><p><b>AVE MARIA</b> (IX)</p><p><strong>*Ant .</strong> Haec est virga in qua nec nodus originalis, nec cortex actualis culpae fuit.</p><p><strong>V.</strong> In conceptione tua, O Virgo, immaculata fuisti.<br /><strong>R.</strong> Ora pro nobis Patrem, cuius Filium peperisti.</p><p><strong>OREMUS</strong><br />     DEUS, qui per immaculatam Virginis Conceptionem dignum Filio tuo habitaculum praeparasti, quaesumus, ut qui ex morte eiusdem Filii tui praevisa eam ab omni labe praeservasti, nos quoque mundos, eius intercessione, ad te pervenire concedas. Per eundem Christum Dominum nostrum. Amén.</p>								</div>
				</div>
					</div>
				</div>
		<div class="elementor-element elementor-element-bae0cd3 e-flex e-con-boxed e-con e-parent" data-id="bae0cd3" data-element_type="container" data-e-type="container">
					<div class="e-con-inner">
				<div class="elementor-element elementor-element-9af57c0 elementor-widget__width-initial elementor-widget elementor-widget-text-editor" data-id="9af57c0" data-element_type="widget" data-e-type="widget" data-widget_type="text-editor.default">
				<div class="elementor-widget-container">
									<p><strong><i>SALVE MARÍA</i></strong> <i>(9 veces)</i></p>
<p><em><strong>Hormiga.</strong> Esta es la vara en la que no había ni nudo de pecado original, ni corteza de culpa real.</em></p>
<p><em><strong>V.</strong> En tu concepción, oh Virgen, fuiste inmaculada;</em><br><em><strong>R.</strong> Ruega por nosotros al Padre, cuyo Hijo has engendrado.</em></p>
<p><em><strong>OREMOS</strong></em><br><em>&nbsp; &nbsp; &nbsp;Oh Dios, que por la Inmaculada Concepción de la Santísima Virgen María, preparaste una morada digna para tu Hijo, te suplicamos que, así como por la muerte prevista de este, tu Hijo, la preservaste de toda mancha, así también nos permitas a nosotros, purificados por su intercesión, llegar a Ti. Por el mismo Señor Jesucristo, tu Hijo, que vives y reinas contigo en la unidad del Espíritu Santo, Dios, por los siglos de los siglos. Amén.</em></p>								</div>
				</div>
					</div>
				</div>
		<div class="elementor-element elementor-element-32b4252 e-flex e-con-boxed e-con e-parent" data-id="32b4252" data-element_type="container" data-e-type="container">
					<div class="e-con-inner">
				<div class="elementor-element elementor-element-9b6725f elementor-widget elementor-widget-spacer" data-id="9b6725f" data-element_type="widget" data-e-type="widget" data-widget_type="spacer.default">
				<div class="elementor-widget-container">
							<div class="elementor-spacer">
			<div class="elementor-spacer-inner"></div>
		</div>
						</div>
				</div>
					</div>
				</div>
		<div class="elementor-element elementor-element-f489925 e-flex e-con-boxed e-con e-parent" data-id="f489925" data-element_type="container" data-e-type="container">
					<div class="e-con-inner">
				<div class="elementor-element elementor-element-6dc3c2a elementor-widget elementor-widget-text-editor" data-id="6dc3c2a" data-element_type="widget" data-e-type="widget" data-widget_type="text-editor.default">
				<div class="elementor-widget-container">
									<h5>*El 31 de marzo de 1876, Pío IX autorizó la siguiente antífona, versículo y oración en honor de la Inmaculada Concepción de la Bienaventurada Virgen María. La oración que sigue es la colecta para la fiesta de la Inmaculada Concepción (8 de diciembre) - Raccolta #410. (S. C. Ind. 14 de diciembre de 1889; S. P., 15 de marzo de 1934).</h5>								</div>
				</div>
					</div>
				</div>
				</div>
