{"id":4542,"date":"2024-11-26T22:21:27","date_gmt":"2024-11-26T22:21:27","guid":{"rendered":"https:\/\/societyofthemostholyredeemer.org\/?page_id=4542"},"modified":"2025-02-22T03:06:34","modified_gmt":"2025-02-22T03:06:34","slug":"novena-of-prayers-in-honor-of-most-holy-mary","status":"publish","type":"page","link":"https:\/\/societyofthemostholyredeemer.org\/pt\/devotions\/novena-of-prayers-in-honor-of-most-holy-mary\/","title":{"rendered":"NOVENA EM HONRA DA IMACULADA CONCEI\u00c7\u00c3O (DO LIVRO DE ORA\u00c7\u00d5ES DE S\u00c3O ALPHONSUS)"},"content":{"rendered":"<div data-elementor-type=\"wp-page\" data-elementor-id=\"4542\" class=\"elementor elementor-4542\" data-elementor-post-type=\"page\">\n\t\t\t\t<div class=\"elementor-element elementor-element-78946b8 e-flex e-con-boxed e-con e-parent\" data-id=\"78946b8\" data-element_type=\"container\" data-e-type=\"container\">\n\t\t\t\t\t<div class=\"e-con-inner\">\n\t\t\t\t<div class=\"elementor-element elementor-element-93494e0 elementor-widget elementor-widget-text-editor\" data-id=\"93494e0\" data-element_type=\"widget\" data-e-type=\"widget\" data-widget_type=\"text-editor.default\">\n\t\t\t\t<div class=\"elementor-widget-container\">\n\t\t\t\t\t\t\t\t\t<p><em>Esta novena \u00e9 rezada em prepara\u00e7\u00e3o para a solenidade da Imaculada Concei\u00e7\u00e3o, em 8 de dezembro - com in\u00edcio em 29 de novembro. Foi extra\u00edda do \"St. Alphonsus' Prayer-Book\", do Rev. Pe. St. Omer, C.Ss.R, Benziger Brothers, NY, 1888<\/em><\/p>\t\t\t\t\t\t\t\t<\/div>\n\t\t\t\t<\/div>\n\t\t\t\t\t<\/div>\n\t\t\t\t<\/div>\n\t\t<div class=\"elementor-element elementor-element-6a3e365 e-flex e-con-boxed e-con e-parent\" data-id=\"6a3e365\" data-element_type=\"container\" data-e-type=\"container\">\n\t\t\t\t\t<div class=\"e-con-inner\">\n\t\t\t\t<div class=\"elementor-element elementor-element-3ec7054 elementor-widget elementor-widget-text-editor\" data-id=\"3ec7054\" data-element_type=\"widget\" data-e-type=\"widget\" data-widget_type=\"text-editor.default\">\n\t\t\t\t<div class=\"elementor-widget-container\">\n\t\t\t\t\t\t\t\t\t<p><strong>ORA\u00c7\u00c3O DURANTE TODOS OS NOVE DIAS DA NOVENA:<\/strong><br \/>\u00a0 \u00a0 \u00a0Ah! minha Senhora Imaculada! Alegro-me com voc\u00ea ao v\u00ea-la enriquecida com t\u00e3o grande pureza. Agrade\u00e7o ao nosso Criador comum por t\u00ea-la preservado de toda mancha de pecado e sempre agradecerei a Ele. Gostaria que o mundo inteiro a conhecesse e a reconhecesse como aquela bela \"Aurora\" que sempre foi iluminada pela luz divina; como aquela \"Arca\" escolhida da salva\u00e7\u00e3o, livre do naufr\u00e1gio comum do pecado; aquela \"Pomba\" perfeita e imaculada que seu divino Esposo declarou que voc\u00ea era; aquele \"Jardim fechado\" que era o deleite de Deus; aquela \"Fonte selada\" cujas \u00e1guas nunca foram perturbadas por um inimigo; e, finalmente, como aquele \"L\u00edrio branco\" que nasceu em meio aos espinhos dos filhos de Ad\u00e3o. Seus filhos foram concebidos em pecado e s\u00e3o inimigos de Deus; mas somente voc\u00ea foi concebido puro e imaculado e, em todas as coisas, agrad\u00e1vel ao seu Criador. Permita-me, ent\u00e3o, louv\u00e1-la tamb\u00e9m como o pr\u00f3prio Deus a louvou: \"Tu \u00e9s toda bela, e n\u00e3o h\u00e1 em ti mancha alguma\". \u00d3 pomba pur\u00edssima, toda bela, toda formosa, sempre amiga de Deus. \"Oh, como voc\u00ea \u00e9 bela, minha amada, como voc\u00ea \u00e9 bela!\" Ah, dulc\u00edssima, amabil\u00edssima, imaculada Maria, tu que \u00e9s t\u00e3o bela aos olhos de teu Senhor, - ah, n\u00e3o te esque\u00e7as de lan\u00e7ar teus olhos compassivos sobre as feridas de minha alma, por mais repugnantes que sejam. Olhai para mim, tende piedade de mim, curai-me. \u00d3 bela pedra de carga dos cora\u00e7\u00f5es, atrai para ti meu cora\u00e7\u00e3o miser\u00e1vel. \u00d3 tu que desde o primeiro momento de tua vida parecias puro e belo diante de Deus, tem piedade de mim, que n\u00e3o apenas nasci em pecado, mas que desde o batismo manchou novamente minha alma com o pecado. Que gra\u00e7a Deus poder\u00e1 recusar a ti, que te escolheu para Sua Filha, Sua M\u00e3e e Sua Esposa, e por isso te preservou de toda mancha, e em Seu amor te preferiu a todas as outras criaturas? \"Virgem Imaculada, voc\u00ea tem que me salvar.\" Permita que eu sempre me lembre de voc\u00ea; e voc\u00ea, nunca se esque\u00e7a de mim. O feliz dia em que irei contemplar vossa beleza no para\u00edso parece estar a mil anos de dist\u00e2ncia; tanto desejo louvar-vos e amar-vos mais do que posso fazer agora, minha M\u00e3e, minha Rainha, minha amada, bel\u00edssima, dulc\u00edssima, pur\u00edssima e imaculada Maria. Am\u00e9m.<\/p><p><b>AVE MARIA<\/b> (IX)<\/p><p><strong>*Ant .<\/strong> Haec est virga in qua nec nodus originalis, nec cortex actualis culpae fuit.<\/p><p><strong>V.<\/strong> In conceptione tua, O Virgo, immaculata fuisti.<br \/><strong>R.<\/strong> Ora pro nobis Patrem, cuius Filium peperisti.<\/p><p><strong>OREMUS<\/strong><br \/>\u00a0 \u00a0 \u00a0DEUS, qui per immaculatatam Virginis Conceptionem dignum Filio tuo habitaculum praeparasti, quaesumus, ut qui ex morte eiusdem Filii tui praevisa eam ab omni labe praeservasti, nos quoque mundos, eius intercessione, ad te pervenire concedas. Per eundem Christum Dominum nostrum. Am\u00e9m.<\/p>\t\t\t\t\t\t\t\t<\/div>\n\t\t\t\t<\/div>\n\t\t\t\t\t<\/div>\n\t\t\t\t<\/div>\n\t\t<div class=\"elementor-element elementor-element-bae0cd3 e-flex e-con-boxed e-con e-parent\" data-id=\"bae0cd3\" data-element_type=\"container\" data-e-type=\"container\">\n\t\t\t\t\t<div class=\"e-con-inner\">\n\t\t\t\t<div class=\"elementor-element elementor-element-9af57c0 elementor-widget__width-initial elementor-widget elementor-widget-text-editor\" data-id=\"9af57c0\" data-element_type=\"widget\" data-e-type=\"widget\" data-widget_type=\"text-editor.default\">\n\t\t\t\t<div class=\"elementor-widget-container\">\n\t\t\t\t\t\t\t\t\t<p><strong><i>VIVA A MARIA<\/i><\/strong> <i>(9 vezes)<\/i><\/p>\n<p><em><strong>Ant.<\/strong> Essa \u00e9 a vara na qual n\u00e3o havia nem o n\u00f3 do pecado original nem a casca da culpa real.<\/em><\/p>\n<p><em><strong>V.<\/strong> Em sua concep\u00e7\u00e3o, \u00f3 Virgem, voc\u00ea foi imaculada;<\/em><br><em><strong>R.<\/strong> Ore por n\u00f3s ao Pai, cujo Filho voc\u00ea gerou.<\/em><\/p>\n<p><em><strong>VAMOS REZAR<\/strong><\/em><br><em>&nbsp; &nbsp; &nbsp;\u00d3 Deus, que, pela Imaculada Concei\u00e7\u00e3o da Bem-Aventurada Virgem Maria, preparaste uma morada digna para Teu Filho, n\u00f3s Te pedimos que, assim como pela morte prevista deste Teu Filho, Tu a preservaste de toda mancha, Tu tamb\u00e9m nos permitas, purificados por sua intercess\u00e3o, chegar a Ti. Por meio do mesmo Senhor Jesus Cristo, Teu Filho, que vive e reina Contigo na unidade do Esp\u00edrito Santo, Deus, sem fim. Am\u00e9m.<\/em><\/p>\t\t\t\t\t\t\t\t<\/div>\n\t\t\t\t<\/div>\n\t\t\t\t\t<\/div>\n\t\t\t\t<\/div>\n\t\t<div class=\"elementor-element elementor-element-32b4252 e-flex e-con-boxed e-con e-parent\" data-id=\"32b4252\" data-element_type=\"container\" data-e-type=\"container\">\n\t\t\t\t\t<div class=\"e-con-inner\">\n\t\t\t\t<div class=\"elementor-element elementor-element-9b6725f elementor-widget elementor-widget-spacer\" data-id=\"9b6725f\" data-element_type=\"widget\" data-e-type=\"widget\" data-widget_type=\"spacer.default\">\n\t\t\t\t<div class=\"elementor-widget-container\">\n\t\t\t\t\t\t\t<div class=\"elementor-spacer\">\n\t\t\t<div class=\"elementor-spacer-inner\"><\/div>\n\t\t<\/div>\n\t\t\t\t\t\t<\/div>\n\t\t\t\t<\/div>\n\t\t\t\t\t<\/div>\n\t\t\t\t<\/div>\n\t\t<div class=\"elementor-element elementor-element-f489925 e-flex e-con-boxed e-con e-parent\" data-id=\"f489925\" data-element_type=\"container\" data-e-type=\"container\">\n\t\t\t\t\t<div class=\"e-con-inner\">\n\t\t\t\t<div class=\"elementor-element elementor-element-6dc3c2a elementor-widget elementor-widget-text-editor\" data-id=\"6dc3c2a\" data-element_type=\"widget\" data-e-type=\"widget\" data-widget_type=\"text-editor.default\">\n\t\t\t\t<div class=\"elementor-widget-container\">\n\t\t\t\t\t\t\t\t\t<h5>*Em 31 de mar\u00e7o de 1876, Pio IX autorizou a seguinte ant\u00edfona, vers\u00edculo e ora\u00e7\u00e3o em honra da Imaculada Concei\u00e7\u00e3o da Bem-Aventurada Virgem Maria. A ora\u00e7\u00e3o abaixo \u00e9 a coleta para a festa da Imaculada Concei\u00e7\u00e3o (8 de dezembro) - Raccolta #410. (S. C. Ind., 14 de dezembro de 1889; S. P., 15 de mar\u00e7o de 1934).<\/h5>\t\t\t\t\t\t\t\t<\/div>\n\t\t\t\t<\/div>\n\t\t\t\t\t<\/div>\n\t\t\t\t<\/div>\n\t\t\t\t<\/div>","protected":false},"excerpt":{"rendered":"<p>This novena is prayed in preparation for the Solemnity of the Immaculate Conception on December 8 &#8211; Commencing November 29.\u00a0It is taken from \u201cSt. Alphonsus\u2019 Prayer-Book\u201d, by Rev. Fr. St. Omer, C.Ss.R, Benziger Brothers, NY, 1888 PRAYER FOR ALL NINE &hellip; <a class=\"continue_reading\" href=\"https:\/\/societyofthemostholyredeemer.org\/pt\/devotions\/novena-of-prayers-in-honor-of-most-holy-mary\/\">Continuar lendo <span class=\"meta-nav\"><i class=\"fa fa-caret-right\" aria-hidden=\"true\"><\/i><\/span><\/a><\/p>","protected":false},"author":2,"featured_media":2578,"parent":4338,"menu_order":40,"comment_status":"closed","ping_status":"closed","template":"","meta":{"_acf_changed":false,"footnotes":""},"class_list":["post-4542","page","type-page","status-publish","has-post-thumbnail","hentry"],"acf":[],"_links":{"self":[{"href":"https:\/\/societyofthemostholyredeemer.org\/pt\/wp-json\/wp\/v2\/pages\/4542","targetHints":{"allow":["GET"]}}],"collection":[{"href":"https:\/\/societyofthemostholyredeemer.org\/pt\/wp-json\/wp\/v2\/pages"}],"about":[{"href":"https:\/\/societyofthemostholyredeemer.org\/pt\/wp-json\/wp\/v2\/types\/page"}],"author":[{"embeddable":true,"href":"https:\/\/societyofthemostholyredeemer.org\/pt\/wp-json\/wp\/v2\/users\/2"}],"replies":[{"embeddable":true,"href":"https:\/\/societyofthemostholyredeemer.org\/pt\/wp-json\/wp\/v2\/comments?post=4542"}],"version-history":[{"count":59,"href":"https:\/\/societyofthemostholyredeemer.org\/pt\/wp-json\/wp\/v2\/pages\/4542\/revisions"}],"predecessor-version":[{"id":6697,"href":"https:\/\/societyofthemostholyredeemer.org\/pt\/wp-json\/wp\/v2\/pages\/4542\/revisions\/6697"}],"up":[{"embeddable":true,"href":"https:\/\/societyofthemostholyredeemer.org\/pt\/wp-json\/wp\/v2\/pages\/4338"}],"wp:featuredmedia":[{"embeddable":true,"href":"https:\/\/societyofthemostholyredeemer.org\/pt\/wp-json\/wp\/v2\/media\/2578"}],"wp:attachment":[{"href":"https:\/\/societyofthemostholyredeemer.org\/pt\/wp-json\/wp\/v2\/media?parent=4542"}],"curies":[{"name":"wp","href":"https:\/\/api.w.org\/{rel}","templated":true}]}}

NOVENA EM HONRA DA IMACULADA CONCEIÇÃO (DO LIVRO DE ORAÇÕES DE SÃO ALPHONSUS)

<div data-elementor-type="wp-page" data-elementor-id="4542" class="elementor elementor-4542" data-elementor-post-type="page">
				<div class="elementor-element elementor-element-78946b8 e-flex e-con-boxed e-con e-parent" data-id="78946b8" data-element_type="container" data-e-type="container">
					<div class="e-con-inner">
				<div class="elementor-element elementor-element-93494e0 elementor-widget elementor-widget-text-editor" data-id="93494e0" data-element_type="widget" data-e-type="widget" data-widget_type="text-editor.default">
				<div class="elementor-widget-container">
									<p><em>Esta novena é rezada em preparação para a solenidade da Imaculada Conceição, em 8 de dezembro - com início em 29 de novembro. Foi extraída do "St. Alphonsus' Prayer-Book", do Rev. Pe. St. Omer, C.Ss.R, Benziger Brothers, NY, 1888</em></p>								</div>
				</div>
					</div>
				</div>
		<div class="elementor-element elementor-element-6a3e365 e-flex e-con-boxed e-con e-parent" data-id="6a3e365" data-element_type="container" data-e-type="container">
					<div class="e-con-inner">
				<div class="elementor-element elementor-element-3ec7054 elementor-widget elementor-widget-text-editor" data-id="3ec7054" data-element_type="widget" data-e-type="widget" data-widget_type="text-editor.default">
				<div class="elementor-widget-container">
									<p><strong>ORAÇÃO DURANTE TODOS OS NOVE DIAS DA NOVENA:</strong><br />     Ah! minha Senhora Imaculada! Alegro-me com você ao vê-la enriquecida com tão grande pureza. Agradeço ao nosso Criador comum por tê-la preservado de toda mancha de pecado e sempre agradecerei a Ele. Gostaria que o mundo inteiro a conhecesse e a reconhecesse como aquela bela "Aurora" que sempre foi iluminada pela luz divina; como aquela "Arca" escolhida da salvação, livre do naufrágio comum do pecado; aquela "Pomba" perfeita e imaculada que seu divino Esposo declarou que você era; aquele "Jardim fechado" que era o deleite de Deus; aquela "Fonte selada" cujas águas nunca foram perturbadas por um inimigo; e, finalmente, como aquele "Lírio branco" que nasceu em meio aos espinhos dos filhos de Adão. Seus filhos foram concebidos em pecado e são inimigos de Deus; mas somente você foi concebido puro e imaculado e, em todas as coisas, agradável ao seu Criador. Permita-me, então, louvá-la também como o próprio Deus a louvou: "Tu és toda bela, e não há em ti mancha alguma". Ó pomba puríssima, toda bela, toda formosa, sempre amiga de Deus. "Oh, como você é bela, minha amada, como você é bela!" Ah, dulcíssima, amabilíssima, imaculada Maria, tu que és tão bela aos olhos de teu Senhor, - ah, não te esqueças de lançar teus olhos compassivos sobre as feridas de minha alma, por mais repugnantes que sejam. Olhai para mim, tende piedade de mim, curai-me. Ó bela pedra de carga dos corações, atrai para ti meu coração miserável. Ó tu que desde o primeiro momento de tua vida parecias puro e belo diante de Deus, tem piedade de mim, que não apenas nasci em pecado, mas que desde o batismo manchou novamente minha alma com o pecado. Que graça Deus poderá recusar a ti, que te escolheu para Sua Filha, Sua Mãe e Sua Esposa, e por isso te preservou de toda mancha, e em Seu amor te preferiu a todas as outras criaturas? "Virgem Imaculada, você tem que me salvar." Permita que eu sempre me lembre de você; e você, nunca se esqueça de mim. O feliz dia em que irei contemplar vossa beleza no paraíso parece estar a mil anos de distância; tanto desejo louvar-vos e amar-vos mais do que posso fazer agora, minha Mãe, minha Rainha, minha amada, belíssima, dulcíssima, puríssima e imaculada Maria. Amém.</p><p><b>AVE MARIA</b> (IX)</p><p><strong>*Ant .</strong> Haec est virga in qua nec nodus originalis, nec cortex actualis culpae fuit.</p><p><strong>V.</strong> In conceptione tua, O Virgo, immaculata fuisti.<br /><strong>R.</strong> Ora pro nobis Patrem, cuius Filium peperisti.</p><p><strong>OREMUS</strong><br />     DEUS, qui per immaculatatam Virginis Conceptionem dignum Filio tuo habitaculum praeparasti, quaesumus, ut qui ex morte eiusdem Filii tui praevisa eam ab omni labe praeservasti, nos quoque mundos, eius intercessione, ad te pervenire concedas. Per eundem Christum Dominum nostrum. Amém.</p>								</div>
				</div>
					</div>
				</div>
		<div class="elementor-element elementor-element-bae0cd3 e-flex e-con-boxed e-con e-parent" data-id="bae0cd3" data-element_type="container" data-e-type="container">
					<div class="e-con-inner">
				<div class="elementor-element elementor-element-9af57c0 elementor-widget__width-initial elementor-widget elementor-widget-text-editor" data-id="9af57c0" data-element_type="widget" data-e-type="widget" data-widget_type="text-editor.default">
				<div class="elementor-widget-container">
									<p><strong><i>VIVA A MARIA</i></strong> <i>(9 vezes)</i></p>
<p><em><strong>Ant.</strong> Essa é a vara na qual não havia nem o nó do pecado original nem a casca da culpa real.</em></p>
<p><em><strong>V.</strong> Em sua concepção, ó Virgem, você foi imaculada;</em><br><em><strong>R.</strong> Ore por nós ao Pai, cujo Filho você gerou.</em></p>
<p><em><strong>VAMOS REZAR</strong></em><br><em>&nbsp; &nbsp; &nbsp;Ó Deus, que, pela Imaculada Conceição da Bem-Aventurada Virgem Maria, preparaste uma morada digna para Teu Filho, nós Te pedimos que, assim como pela morte prevista deste Teu Filho, Tu a preservaste de toda mancha, Tu também nos permitas, purificados por sua intercessão, chegar a Ti. Por meio do mesmo Senhor Jesus Cristo, Teu Filho, que vive e reina Contigo na unidade do Espírito Santo, Deus, sem fim. Amém.</em></p>								</div>
				</div>
					</div>
				</div>
		<div class="elementor-element elementor-element-32b4252 e-flex e-con-boxed e-con e-parent" data-id="32b4252" data-element_type="container" data-e-type="container">
					<div class="e-con-inner">
				<div class="elementor-element elementor-element-9b6725f elementor-widget elementor-widget-spacer" data-id="9b6725f" data-element_type="widget" data-e-type="widget" data-widget_type="spacer.default">
				<div class="elementor-widget-container">
							<div class="elementor-spacer">
			<div class="elementor-spacer-inner"></div>
		</div>
						</div>
				</div>
					</div>
				</div>
		<div class="elementor-element elementor-element-f489925 e-flex e-con-boxed e-con e-parent" data-id="f489925" data-element_type="container" data-e-type="container">
					<div class="e-con-inner">
				<div class="elementor-element elementor-element-6dc3c2a elementor-widget elementor-widget-text-editor" data-id="6dc3c2a" data-element_type="widget" data-e-type="widget" data-widget_type="text-editor.default">
				<div class="elementor-widget-container">
									<h5>*Em 31 de março de 1876, Pio IX autorizou a seguinte antífona, versículo e oração em honra da Imaculada Conceição da Bem-Aventurada Virgem Maria. A oração abaixo é a coleta para a festa da Imaculada Conceição (8 de dezembro) - Raccolta #410. (S. C. Ind., 14 de dezembro de 1889; S. P., 15 de março de 1934).</h5>								</div>
				</div>
					</div>
				</div>
				</div>
