{"id":7052,"date":"2025-03-02T01:44:02","date_gmt":"2025-03-02T01:44:02","guid":{"rendered":"https:\/\/societyofthemostholyredeemer.org\/?page_id=7052"},"modified":"2025-04-29T00:42:08","modified_gmt":"2025-04-29T00:42:08","slug":"miraculous-30-day-novena-to-st-joseph","status":"publish","type":"page","link":"https:\/\/societyofthemostholyredeemer.org\/pt\/miraculous-30-day-novena-to-st-joseph\/","title":{"rendered":"NOVENA MILAGROSA DE 30 DIAS A S\u00c3O. JOSEPH"},"content":{"rendered":"<div data-elementor-type=\"wp-page\" data-elementor-id=\"7052\" class=\"elementor elementor-7052\" data-elementor-post-type=\"page\">\n\t\t\t\t<div class=\"elementor-element elementor-element-182e04e e-flex e-con-boxed e-con e-parent\" data-id=\"182e04e\" data-element_type=\"container\" data-e-type=\"container\">\n\t\t\t\t\t<div class=\"e-con-inner\">\n\t\t\t\t<div class=\"elementor-element elementor-element-4261664 elementor-widget elementor-widget-image\" data-id=\"4261664\" data-element_type=\"widget\" data-e-type=\"widget\" data-widget_type=\"image.default\">\n\t\t\t\t<div class=\"elementor-widget-container\">\n\t\t\t\t\t\t\t\t\t\t\t\t\t\t\t<img fetchpriority=\"high\" decoding=\"async\" width=\"192\" height=\"300\" src=\"https:\/\/societyofthemostholyredeemer.org\/wp-content\/uploads\/2025\/03\/St-Joseph-holy-card-192x300.jpg\" class=\"attachment-medium size-medium wp-image-7053\" alt=\"\" srcset=\"https:\/\/societyofthemostholyredeemer.org\/wp-content\/uploads\/2025\/03\/St-Joseph-holy-card-192x300.jpg 192w, https:\/\/societyofthemostholyredeemer.org\/wp-content\/uploads\/2025\/03\/St-Joseph-holy-card-657x1024.jpg 657w, https:\/\/societyofthemostholyredeemer.org\/wp-content\/uploads\/2025\/03\/St-Joseph-holy-card-8x12.jpg 8w, https:\/\/societyofthemostholyredeemer.org\/wp-content\/uploads\/2025\/03\/St-Joseph-holy-card.jpg 736w\" sizes=\"(max-width: 192px) 100vw, 192px\" \/>\t\t\t\t\t\t\t\t\t\t\t\t\t\t\t<\/div>\n\t\t\t\t<\/div>\n\t\t\t\t\t<\/div>\n\t\t\t\t<\/div>\n\t\t<div class=\"elementor-element elementor-element-f30290f e-flex e-con-boxed e-con e-parent\" data-id=\"f30290f\" data-element_type=\"container\" data-e-type=\"container\">\n\t\t\t\t\t<div class=\"e-con-inner\">\n\t\t\t\t<div class=\"elementor-element elementor-element-1924080 elementor-widget elementor-widget-text-editor\" data-id=\"1924080\" data-element_type=\"widget\" data-e-type=\"widget\" data-widget_type=\"text-editor.default\">\n\t\t\t\t<div class=\"elementor-widget-container\">\n\t\t\t\t\t\t\t\t\t<p><em>As seguintes ora\u00e7\u00f5es s\u00e3o recitadas em cada dia da novena, que tem indulg\u00eancia de 5 anos em qualquer dia.<\/em><\/p>\t\t\t\t\t\t\t\t<\/div>\n\t\t\t\t<\/div>\n\t\t\t\t\t<\/div>\n\t\t\t\t<\/div>\n\t\t<div class=\"elementor-element elementor-element-7773ad5 e-flex e-con-boxed e-con e-parent\" data-id=\"7773ad5\" data-element_type=\"container\" data-e-type=\"container\">\n\t\t\t\t\t<div class=\"e-con-inner\">\n\t\t\t\t<div class=\"elementor-element elementor-element-b566696 elementor-widget elementor-widget-text-editor\" data-id=\"b566696\" data-element_type=\"widget\" data-e-type=\"widget\" data-widget_type=\"text-editor.default\">\n\t\t\t\t<div class=\"elementor-widget-container\">\n\t\t\t\t\t\t\t\t\t<p>\u00a0 \u00a0 \u00a0\u00d3 sempre aben\u00e7oado e glorioso S\u00e3o Jos\u00e9, Pai bondoso e indulgente, amigo compassivo de todos os que est\u00e3o em sofrimento e dor, atrav\u00e9s daquela amarga dor com a qual seu cora\u00e7\u00e3o ficou saturado quando contemplou os sofrimentos do Menino Salvador e, em vis\u00e3o prof\u00e9tica, contemplou Sua ignominiosa Paix\u00e3o e Morte; tenha piedade, eu lhe pe\u00e7o, de minha pobreza e necessidades; aconselhe-me em minhas d\u00favidas e console-me em todas as minhas ansiedades. <br \/>\u00a0 \u00a0 \u00a0V\u00f3s sois o bom Pai e protetor dos \u00f3rf\u00e3os, o advogado dos indefesos, o patrono daqueles que est\u00e3o em necessidade e desola\u00e7\u00e3o.  N\u00e3o ignore a peti\u00e7\u00e3o de seu pobre filho; meus pecados atra\u00edram sobre mim o justo desagrado de meu Deus e, por isso, estou cercado de tristezas. <br \/>\u00a0 \u00a0 \u00a0A ti, \u00f3 am\u00e1vel guardi\u00e3o da pobre e negligenciada fam\u00edlia de Nazar\u00e9, pe\u00e7o abrigo e prote\u00e7\u00e3o.  Ou\u00e7a, ent\u00e3o, eu lhe pe\u00e7o, com a solicitude de um pai, a ora\u00e7\u00e3o sincera de seu pobre suplicante e obtenha para mim o objeto de minha peti\u00e7\u00e3o. <br \/>\u00a0 \u00a0 \u00a0Pe\u00e7o pela infinita miseric\u00f3rdia do eterno Filho de Deus, que O induziu a assumir nossa natureza e a nascer neste mundo de dor. <br \/>\u00a0 \u00a0 \u00a0Pe\u00e7o pela dor que encheu seu cora\u00e7\u00e3o, quando, ignorante do mist\u00e9rio realizado em sua Esposa Imaculada, voc\u00ea temia ser separado dela.<br \/>\u00a0 \u00a0 Pe\u00e7o por aquele cansa\u00e7o, solicitude e sofrimento que voc\u00ea suportou quando procurou em v\u00e3o nas estalagens de Bel\u00e9m um abrigo para a Virgem sagrada e um local de nascimento para o Menino Deus; e, quando sendo recusado em todos os lugares, voc\u00ea foi obrigado a consentir que a Rainha do C\u00e9u desse \u00e0 luz o Redentor do mundo em um est\u00e1bulo miser\u00e1vel. <br \/>\u00a0 \u00a0 \u00a0Pergunto pelo dever mais triste e doloroso que lhe foi imposto, quando o Divino Menino, com oito dias de vida, foi obrigado a infligir uma profunda ferida em Seu tenro Corpo e, assim, ser o primeiro a fazer fluir aquele Sangue Precioso que deveria lavar os pecados do mundo. <br \/>\u00a0 \u00a0 \u00a0 Pe\u00e7o pela do\u00e7ura e poder do Sagrado Nome, Jesus, que o Senhor conferiu ao ador\u00e1vel Menino. <br \/>\u00a0 \u00a0 \u00a0Pe\u00e7o por aquela ang\u00fastia mortal infligida a voc\u00ea pela profecia de S\u00e3o Sime\u00e3o, que declarou o Menino Jesus e Sua santa M\u00e3e, as futuras v\u00edtimas de Seu amor e de nossos pecados. <br \/>\u00a0 \u00a0 \u00a0Pe\u00e7o por aquela tristeza e ang\u00fastia que encheram sua alma quando o anjo lhe declarou que a vida do Menino Jesus era procurada por Seus inimigos, de cujos des\u00edgnios \u00edmpios voc\u00ea foi obrigado a voar com Ele e Sua M\u00e3e Sant\u00edssima para o Egito. <br \/>\u00a0 \u00a0 \u00a0 Pe\u00e7o por todas as dores, fadigas e labutas dessa longa e perigosa peregrina\u00e7\u00e3o. <br \/>\u00a0 \u00a0 \u00a0Pe\u00e7o-lhe por todas as tristezas que suportou quando, no Egito, nem com o suor de seu rosto conseguiu obter alimentos e roupas para sua fam\u00edlia mais pobre. <br \/>\u00a0 \u00a0 \u00a0Pe\u00e7o por toda a dor que voc\u00ea sentiu cada vez que o Divino Menino pedia um peda\u00e7o de p\u00e3o e voc\u00ea n\u00e3o o tinha para dar a Ele. <br \/>\u00a0 \u00a0 \u00a0Pe\u00e7o-lhe que, com toda a sua solicitude, preserve o sagrado Menino e a Imaculada Maria durante sua segunda viagem, quando lhe foi ordenado que retornasse \u00e0 sua terra natal.\u00a0\u00a0<br \/>\u00a0 \u00a0 \u00a0Pe\u00e7o por sua morada pac\u00edfica em Nazar\u00e9, na qual tantas alegrias e tristezas se misturaram. <br \/>\u00a0 \u00a0 \u00a0Pe\u00e7o por sua extrema afli\u00e7\u00e3o, por ter sido privado por tr\u00eas dias da companhia da ador\u00e1vel Crian\u00e7a. <br \/>\u00a0 \u00a0 Pe\u00e7o por sua alegria ao encontr\u00e1-Lo no templo e pelo inef\u00e1vel consolo que lhe foi transmitido no chal\u00e9 de Nazar\u00e9 com a companhia do pequeno Jesus. <br \/>\u00a0 \u00a0 \u00a0Eu pe\u00e7o por aquela maravilhosa condescend\u00eancia pela qual Ele se submeteu \u00e0 sua vontade. <br \/>\u00a0 \u00a0 \u00a0Pergunto por meio daquela vis\u00e3o dolorosa, continuamente em sua mente, de tudo o que seu Jesus deveria sofrer. <br \/>\u00a0 \u00a0 \u00a0Pe\u00e7o por aquela dolorosa contempla\u00e7\u00e3o que o fez prever que as pequenas M\u00e3os e P\u00e9s Divinos, agora t\u00e3o ativos em servi-lo, um dia seriam perfurados com pregos cru\u00e9is; aquela Cabe\u00e7a, que repousava suavemente em seu peito, coroada com espinhos afiados; aquele Corpo delicado, que voc\u00ea ternamente dobrou em seu manto e apertou em seu cora\u00e7\u00e3o, despojado e estendido em uma cruz. <br \/>\u00a0 \u00a0 \u00a0Pe\u00e7o por aquele sacrif\u00edcio heroico de sua vontade e de seus melhores afetos, por meio do qual ofereceu ao Pai Eterno o \u00faltimo e terr\u00edvel momento, quando o Filho de Deus deveria morrer por nossa salva\u00e7\u00e3o.<br \/>\u00a0 \u00a0 \u00a0Pe\u00e7o que, pelo perfeito amor e conformidade com que voc\u00ea recebeu a ordem divina, parta desta vida e da companhia de Jesus e Maria.<br \/>\u00a0 \u00a0 Pe\u00e7o por aquela grande alegria que encheu sua alma quando o Redentor do mundo, triunfante sobre a morte e o inferno, entrou na posse de Seu Reino e tamb\u00e9m o conduziu a ele com honras especiais. <br \/>\u00a0 \u00a0 \u00a0Pe\u00e7o pela gloriosa Assun\u00e7\u00e3o de Nossa Senhora e por aquela felicidade intermin\u00e1vel que voc\u00ea desfruta com Ela na presen\u00e7a de Deus.  \u00d3, bom Pai, eu lhe suplico, por todos os seus sofrimentos, tristezas e alegrias, que me ou\u00e7a e me obtenha ..... (Aqui, nomeie suas peti\u00e7\u00f5es ou reflita sobre elas).<br \/>\u00a0 \u00a0 \u00a0Obtenha para todos aqueles que pediram suas ora\u00e7\u00f5es tudo o que lhes for \u00fatil nos des\u00edgnios de Deus.  E, finalmente, meu car\u00edssimo Protetor, esteja comigo e com todos os que me s\u00e3o caros, em nossos \u00faltimos momentos, para que possamos entoar eternamente os louvores de Jesus, Maria e Jos\u00e9.  Am\u00e9m.<\/p><p><em>\u00a0 \u00a0 \u00a0 Ave Maria.<\/em>&#8230;<\/p><p>\u00a0 \u00a0 \u00a0\u00d3 guardi\u00e3o do Verbo Encarnado, estou animado com a confian\u00e7a de que suas ora\u00e7\u00f5es em meu favor ser\u00e3o graciosamente ouvidas diante do trono de Deus.<\/p><p><em>[Os seguintes V. e R. devem ser ditos sete vezes, em homenagem a <\/em><em>as sete alegrias e as sete tristezas de S\u00e3o Jos\u00e9].<\/em><\/p><p>\u00a0 \u00a0 \u00a0V.  \u00d3 glorioso S\u00e3o Jos\u00e9, pelo amor que voc\u00ea tem a Jesus Cristo e para a gl\u00f3ria de Seu nome,<br \/>\u00a0 \u00a0 \u00a0R.  Ouvi as minhas ora\u00e7\u00f5es e atendei \u00e0s minhas peti\u00e7\u00f5es.<\/p><p>\u00a0 \u00a0 \u00a0Oremos:<br \/>\u00a0 \u00a0\u00d3 Glorioso S\u00e3o Jos\u00e9, esposo da Virgem Imaculada, obtenha para mim uma mente pura, humilde e caridosa, e uma perfeita resigna\u00e7\u00e3o \u00e0 Vontade Divina. Seja meu guia, pai e modelo durante a vida, para que eu mere\u00e7a morrer como voc\u00ea morreu nos bra\u00e7os de Jesus e Maria.<\/p><p>\u00a0 \u00a0 \u00a0S\u00e3o Jos\u00e9, amigo do Sagrado Cora\u00e7\u00e3o, rogai por n\u00f3s.<\/p>\t\t\t\t\t\t\t\t<\/div>\n\t\t\t\t<\/div>\n\t\t\t\t\t<\/div>\n\t\t\t\t<\/div>\n\t\t\t\t<\/div>","protected":false},"excerpt":{"rendered":"<p>The following prayers are recited on each day of the novena, which is granted an indulgence of 5 years on any day. O ever blessed and glorious St. Joseph, kind and indulgent Father, compassionate friend of all those in grief &hellip; <a class=\"continue_reading\" href=\"https:\/\/societyofthemostholyredeemer.org\/pt\/miraculous-30-day-novena-to-st-joseph\/\">Continuar lendo <span class=\"meta-nav\"><i class=\"fa fa-caret-right\" aria-hidden=\"true\"><\/i><\/span><\/a><\/p>","protected":false},"author":3,"featured_media":7066,"parent":0,"menu_order":65,"comment_status":"closed","ping_status":"closed","template":"","meta":{"_acf_changed":false,"footnotes":""},"class_list":["post-7052","page","type-page","status-publish","has-post-thumbnail","hentry"],"acf":[],"_links":{"self":[{"href":"https:\/\/societyofthemostholyredeemer.org\/pt\/wp-json\/wp\/v2\/pages\/7052","targetHints":{"allow":["GET"]}}],"collection":[{"href":"https:\/\/societyofthemostholyredeemer.org\/pt\/wp-json\/wp\/v2\/pages"}],"about":[{"href":"https:\/\/societyofthemostholyredeemer.org\/pt\/wp-json\/wp\/v2\/types\/page"}],"author":[{"embeddable":true,"href":"https:\/\/societyofthemostholyredeemer.org\/pt\/wp-json\/wp\/v2\/users\/3"}],"replies":[{"embeddable":true,"href":"https:\/\/societyofthemostholyredeemer.org\/pt\/wp-json\/wp\/v2\/comments?post=7052"}],"version-history":[{"count":8,"href":"https:\/\/societyofthemostholyredeemer.org\/pt\/wp-json\/wp\/v2\/pages\/7052\/revisions"}],"predecessor-version":[{"id":7062,"href":"https:\/\/societyofthemostholyredeemer.org\/pt\/wp-json\/wp\/v2\/pages\/7052\/revisions\/7062"}],"wp:featuredmedia":[{"embeddable":true,"href":"https:\/\/societyofthemostholyredeemer.org\/pt\/wp-json\/wp\/v2\/media\/7066"}],"wp:attachment":[{"href":"https:\/\/societyofthemostholyredeemer.org\/pt\/wp-json\/wp\/v2\/media?parent=7052"}],"curies":[{"name":"wp","href":"https:\/\/api.w.org\/{rel}","templated":true}]}}

NOVENA MILAGROSA DE 30 DIAS A SÃO. JOSEPH

<div data-elementor-type="wp-page" data-elementor-id="7052" class="elementor elementor-7052" data-elementor-post-type="page">
				<div class="elementor-element elementor-element-182e04e e-flex e-con-boxed e-con e-parent" data-id="182e04e" data-element_type="container" data-e-type="container">
					<div class="e-con-inner">
				<div class="elementor-element elementor-element-4261664 elementor-widget elementor-widget-image" data-id="4261664" data-element_type="widget" data-e-type="widget" data-widget_type="image.default">
				<div class="elementor-widget-container">
															<img fetchpriority="high" decoding="async" width="192" height="300" src="https://societyofthemostholyredeemer.org/wp-content/uploads/2025/03/St-Joseph-holy-card-192x300.jpg" class="attachment-medium size-medium wp-image-7053" alt="" srcset="https://societyofthemostholyredeemer.org/wp-content/uploads/2025/03/St-Joseph-holy-card-192x300.jpg 192w, https://societyofthemostholyredeemer.org/wp-content/uploads/2025/03/St-Joseph-holy-card-657x1024.jpg 657w, https://societyofthemostholyredeemer.org/wp-content/uploads/2025/03/St-Joseph-holy-card-8x12.jpg 8w, https://societyofthemostholyredeemer.org/wp-content/uploads/2025/03/St-Joseph-holy-card.jpg 736w" sizes="(max-width: 192px) 100vw, 192px" />															</div>
				</div>
					</div>
				</div>
		<div class="elementor-element elementor-element-f30290f e-flex e-con-boxed e-con e-parent" data-id="f30290f" data-element_type="container" data-e-type="container">
					<div class="e-con-inner">
				<div class="elementor-element elementor-element-1924080 elementor-widget elementor-widget-text-editor" data-id="1924080" data-element_type="widget" data-e-type="widget" data-widget_type="text-editor.default">
				<div class="elementor-widget-container">
									<p><em>As seguintes orações são recitadas em cada dia da novena, que tem indulgência de 5 anos em qualquer dia.</em></p>								</div>
				</div>
					</div>
				</div>
		<div class="elementor-element elementor-element-7773ad5 e-flex e-con-boxed e-con e-parent" data-id="7773ad5" data-element_type="container" data-e-type="container">
					<div class="e-con-inner">
				<div class="elementor-element elementor-element-b566696 elementor-widget elementor-widget-text-editor" data-id="b566696" data-element_type="widget" data-e-type="widget" data-widget_type="text-editor.default">
				<div class="elementor-widget-container">
									<p>     Ó sempre abençoado e glorioso São José, Pai bondoso e indulgente, amigo compassivo de todos os que estão em sofrimento e dor, através daquela amarga dor com a qual seu coração ficou saturado quando contemplou os sofrimentos do Menino Salvador e, em visão profética, contemplou Sua ignominiosa Paixão e Morte; tenha piedade, eu lhe peço, de minha pobreza e necessidades; aconselhe-me em minhas dúvidas e console-me em todas as minhas ansiedades. <br />     Vós sois o bom Pai e protetor dos órfãos, o advogado dos indefesos, o patrono daqueles que estão em necessidade e desolação.  Não ignore a petição de seu pobre filho; meus pecados atraíram sobre mim o justo desagrado de meu Deus e, por isso, estou cercado de tristezas. <br />     A ti, ó amável guardião da pobre e negligenciada família de Nazaré, peço abrigo e proteção.  Ouça, então, eu lhe peço, com a solicitude de um pai, a oração sincera de seu pobre suplicante e obtenha para mim o objeto de minha petição. <br />     Peço pela infinita misericórdia do eterno Filho de Deus, que O induziu a assumir nossa natureza e a nascer neste mundo de dor. <br />     Peço pela dor que encheu seu coração, quando, ignorante do mistério realizado em sua Esposa Imaculada, você temia ser separado dela.<br />    Peço por aquele cansaço, solicitude e sofrimento que você suportou quando procurou em vão nas estalagens de Belém um abrigo para a Virgem sagrada e um local de nascimento para o Menino Deus; e, quando sendo recusado em todos os lugares, você foi obrigado a consentir que a Rainha do Céu desse à luz o Redentor do mundo em um estábulo miserável. <br />     Pergunto pelo dever mais triste e doloroso que lhe foi imposto, quando o Divino Menino, com oito dias de vida, foi obrigado a infligir uma profunda ferida em Seu tenro Corpo e, assim, ser o primeiro a fazer fluir aquele Sangue Precioso que deveria lavar os pecados do mundo. <br />      Peço pela doçura e poder do Sagrado Nome, Jesus, que o Senhor conferiu ao adorável Menino. <br />     Peço por aquela angústia mortal infligida a você pela profecia de São Simeão, que declarou o Menino Jesus e Sua santa Mãe, as futuras vítimas de Seu amor e de nossos pecados. <br />     Peço por aquela tristeza e angústia que encheram sua alma quando o anjo lhe declarou que a vida do Menino Jesus era procurada por Seus inimigos, de cujos desígnios ímpios você foi obrigado a voar com Ele e Sua Mãe Santíssima para o Egito. <br />      Peço por todas as dores, fadigas e labutas dessa longa e perigosa peregrinação. <br />     Peço-lhe por todas as tristezas que suportou quando, no Egito, nem com o suor de seu rosto conseguiu obter alimentos e roupas para sua família mais pobre. <br />     Peço por toda a dor que você sentiu cada vez que o Divino Menino pedia um pedaço de pão e você não o tinha para dar a Ele. <br />     Peço-lhe que, com toda a sua solicitude, preserve o sagrado Menino e a Imaculada Maria durante sua segunda viagem, quando lhe foi ordenado que retornasse à sua terra natal.  <br />     Peço por sua morada pacífica em Nazaré, na qual tantas alegrias e tristezas se misturaram. <br />     Peço por sua extrema aflição, por ter sido privado por três dias da companhia da adorável Criança. <br />    Peço por sua alegria ao encontrá-Lo no templo e pelo inefável consolo que lhe foi transmitido no chalé de Nazaré com a companhia do pequeno Jesus. <br />     Eu peço por aquela maravilhosa condescendência pela qual Ele se submeteu à sua vontade. <br />     Pergunto por meio daquela visão dolorosa, continuamente em sua mente, de tudo o que seu Jesus deveria sofrer. <br />     Peço por aquela dolorosa contemplação que o fez prever que as pequenas Mãos e Pés Divinos, agora tão ativos em servi-lo, um dia seriam perfurados com pregos cruéis; aquela Cabeça, que repousava suavemente em seu peito, coroada com espinhos afiados; aquele Corpo delicado, que você ternamente dobrou em seu manto e apertou em seu coração, despojado e estendido em uma cruz. <br />     Peço por aquele sacrifício heroico de sua vontade e de seus melhores afetos, por meio do qual ofereceu ao Pai Eterno o último e terrível momento, quando o Filho de Deus deveria morrer por nossa salvação.<br />     Peço que, pelo perfeito amor e conformidade com que você recebeu a ordem divina, parta desta vida e da companhia de Jesus e Maria.<br />    Peço por aquela grande alegria que encheu sua alma quando o Redentor do mundo, triunfante sobre a morte e o inferno, entrou na posse de Seu Reino e também o conduziu a ele com honras especiais. <br />     Peço pela gloriosa Assunção de Nossa Senhora e por aquela felicidade interminável que você desfruta com Ela na presença de Deus.  Ó, bom Pai, eu lhe suplico, por todos os seus sofrimentos, tristezas e alegrias, que me ouça e me obtenha ..... (Aqui, nomeie suas petições ou reflita sobre elas).<br />     Obtenha para todos aqueles que pediram suas orações tudo o que lhes for útil nos desígnios de Deus.  E, finalmente, meu caríssimo Protetor, esteja comigo e com todos os que me são caros, em nossos últimos momentos, para que possamos entoar eternamente os louvores de Jesus, Maria e José.  Amém.</p><p><em>      Ave Maria.</em>&#8230;</p><p>     Ó guardião do Verbo Encarnado, estou animado com a confiança de que suas orações em meu favor serão graciosamente ouvidas diante do trono de Deus.</p><p><em>[Os seguintes V. e R. devem ser ditos sete vezes, em homenagem a </em><em>as sete alegrias e as sete tristezas de São José].</em></p><p>     V.  Ó glorioso São José, pelo amor que você tem a Jesus Cristo e para a glória de Seu nome,<br />     R.  Ouvi as minhas orações e atendei às minhas petições.</p><p>     Oremos:<br />   Ó Glorioso São José, esposo da Virgem Imaculada, obtenha para mim uma mente pura, humilde e caridosa, e uma perfeita resignação à Vontade Divina. Seja meu guia, pai e modelo durante a vida, para que eu mereça morrer como você morreu nos braços de Jesus e Maria.</p><p>     São José, amigo do Sagrado Coração, rogai por nós.</p>								</div>
				</div>
					</div>
				</div>
				</div>
